3*t - 13717 = 0, 4*o = 3*o - t + 6861. What are the prime factors of o?
2, 5, 7
Let s = 47 - 37. What are the prime factors of -12*(-455)/s - 5?
541
Let s(l) = l**3 + 28*l**2 + l + 111. Let m be s(-26). Suppose -4777 = -13*w + m. What are the prime factors of w?
2, 239
Suppose -24 = -27*n + 39*n. What are the prime factors of (-5 - (n - 727)) + -3 + -1?
2, 3, 5
Let j = 36 + -34. Suppose -4*s = -j*s + 4. What are the prime factors of (-237)/s*(-12)/(-18)?
79
Let k(l) be the third derivative of 2*l**5/5 - l**4/8 - l**3/6 - 10*l**2 + 10. Let d(s) = s**2 - 3*s + 2. Let o be d(3). What are the prime factors of k(o)?
89
Let l = 41563 - 27874. List the prime factors of l.
3, 13
Suppose 19*g - 31*g + 1321750 = 38*g. List the prime factors of g.
5, 17, 311
Suppose 5*x = -4*n + 11, 3*x = 2*n - 2*x - 13. Suppose 0 = -4*j + a + 644, -2*j + n*a + 322 = a. Let b = j + -89. What are the prime factors of b?
2, 3
Let s(g) = -2*g - 6. Let v be s(-5). Let a be ((-2 + 2)/v)/1. Let h(i) = -i + 4. What are the prime factors of h(a)?
2
Suppose -12 = -233*z + 230*z. Suppose 3*c - 2*j - 3554 = -0*c, -2*c = z*j - 2380. What are the prime factors of c?
2, 593
Let c(g) = -g**3 - 25*g**2 - 95*g + 28. Let k(h) = h**3 - 3*h**2 - 2*h - 21. Let m be k(0). What are the prime factors of c(m)?
7, 37
List the prime factors of ((-1371)/(-12))/(13*(-3)/(-20124)).
3, 43, 457
Let j = 654 - 451. Let h = 328 - j. List the prime factors of h.
5
Let c = 41 - 38. Suppose -9*x + 5*x + c = -3*b, 0 = -x - 4*b + 15. Suppose -x*y = 60 - 240. What are the prime factors of y?
2, 3, 5
Suppose -1309109 = -184*a - 44*a + 1629127. List the prime factors of a.
7, 263
Suppose -13*z + z = 12. Let b be 22*z/((8/(-4))/8). Let v = 167 - b. List the prime factors of v.
79
Suppose 0 = 8*o - 11*o + u + 1217, 4*u - 423 = -o. Let s(x) = -x**2 + 5*x + 5. Let t be s(5). Suppose -83 = -t*b + o. List the prime factors of b.
2, 7
Let v = 11913 - -16143. List the prime factors of v.
2, 3, 7, 167
Suppose 0 = 5*n - 3*h - 638, n + h - 126 = 2*h. Let c = 199 - n. Suppose 6*i = 5*i + c. What are the prime factors of i?
3, 23
Let v be -2*(-1 + -4 + 3)*1. Let d be 2/(-3) - (v + 56/(-12)). Suppose d = -4*u + 565 + 115. What are the prime factors of u?
2, 5, 17
Suppose 313751 = -10*g + 39*g. What are the prime factors of g?
31, 349
Suppose -5*p - 15190 - 212235 = -4*a, -5*a + 284332 = p. List the prime factors of a.
3, 5, 17, 223
Let g(d) = 67*d - 508. What are the prime factors of g(122)?
2, 3833
Let r(p) = -9 - 2 - 3 - 9 + 9*p. Let d be r(-5). Let c = 140 - d. What are the prime factors of c?
2, 13
Let x(s) = -17*s + 356. Let d be 3*(5 + 160/(-24)). What are the prime factors of x(d)?
3, 7
Suppose 64 = 12*z + 40. Suppose 7 = -3*s + 22. Suppose 3*r = 5*h - 678 - 72, 0 = z*h + s*r - 331. List the prime factors of h.
3, 17
Suppose -40*p = 42*p - 5*p - 909678. What are the prime factors of p?
2, 3, 11, 179
Suppose -3*r - 18741 = -4*d, -6*r + 4*r = -3*d + 14056. What are the prime factors of d?
2, 3, 11, 71
Suppose 202602 = 7*v + 76794 - 234727. List the prime factors of v.
5, 10301
Suppose -7*h = -3603 - 660. Let d = h - -700. What are the prime factors of d?
7, 11, 17
Let q(w) = 284*w - 50 - 30 - 4 + 11. List the prime factors of q(3).
19, 41
Suppose b - 2*s - 45759 = 0, -5*b + 20*s + 228795 = 18*s. List the prime factors of b.
3, 7, 2179
Let q = 3425 + -983. Suppose -4872 = -4*l + g, -3*g = -2*l - 4*g + q. What are the prime factors of l?
23, 53
Let n(z) = -z**3 - 11*z**2 - z - 8. Let g be n(-11). Suppose -397 = -g*q + 5*b, 2*b = 4*q - 0*b - 506. List the prime factors of -2 + 0 + q/4.
29
Suppose -2*t + q = -37007, -4*q - 55512 = -3*t - 3*q. What are the prime factors of t?
5, 3701
Suppose -53*w = -211 + 52. What are the prime factors of 2170/w - 16/(-24)?
2, 181
Suppose 5*n - 11*p + 10*p = 365027, -2*p + 438010 = 6*n. What are the prime factors of n?
2, 18251
Suppose 95404 = 23*l + 9601 - 426752. List the prime factors of l.
5, 4457
Let j = -8074 + 13682. Let n = -3902 + j. What are the prime factors of n?
2, 853
Let r(q) be the first derivative of q**5/6 + q**4/8 + q**3/6 - 19*q**2/2 + 7. Let v(c) be the second derivative of r(c). List the prime factors of v(3).
2, 5
Let x = 0 - -2. Let v(s) be the second derivative of 7*s**3/2 + 2*s**2 + 10*s - 5. List the prime factors of v(x).
2, 23
List the prime factors of ((-1792)/24*-1)/(6/477).
2, 7, 53
Suppose -3*m = -2*m + s - 3, 5*m + s - 3 = 0. List the prime factors of (506 - m) + 0 + -2 + 6.
2, 3, 5, 17
Let a(l) = -957*l - 729. List the prime factors of a(-14).
3, 41, 103
Let o(s) be the third derivative of -s**6/20 + 2*s**5/15 - 5*s**4/12 - 7*s**3/2 + 4*s**2 + 31*s. List the prime factors of o(-6).
3, 541
Let q be 78*10/4 - 1. Let o = -9616 - -9952. Let m = o - q. List the prime factors of m.
2, 71
Suppose o - 13040 = u, 3*o - 39120 = 2*u - 5*u. What are the prime factors of o?
2, 5, 163
Let t(c) = 12*c - 39. Suppose -13*q + 9*q = 2*u - 68, 5*q - 49 = -u. Let v be ((-12)/u)/(2*(-1)/28). What are the prime factors of t(v)?
3, 5
Let o(g) = -8*g - 88. Let z be o(-11). Suppose -3*l + 89 + 379 = z. What are the prime factors of l?
2, 3, 13
Suppose -29 = -5*n - c, 1 + 20 = 5*n - c. Suppose 15*r - 40 = n. Suppose 3*z - r*b - 126 = 0, 4*z + 6 = 2*b + 172. List the prime factors of z.
41
Suppose 9*m + 2610 = -1809. Let h = 834 + m. What are the prime factors of h?
7
Suppose 0 = -9*j + j + 232. Suppose 640 = 3*k + 2*k. Suppose -3*h = 3*d - 249, -h - j = -3*d - k. What are the prime factors of h?
3, 29
Let i be 28/98 + (-52)/(-14). Suppose 0 = -3*a + 9, 5*o + i*a = 7*a - 259. Let q = o + 66. List the prime factors of q.
2
Suppose -13*z = -11*z - 6. Let d be ((-102)/(-8))/(z/104). Suppose a - 7*h = -2*h + 217, -2*a + d = -2*h. List the prime factors of a.
2, 3, 37
Let c(p) = -416*p**3 + 34*p**2 - 10*p - 13. List the prime factors of c(-2).
3, 13, 89
Suppose 39766 = 3*o - n + 2966, 36804 = 3*o + 3*n. What are the prime factors of o?
3, 29, 47
Let t be (15/(-3) + 151)/(-1). Suppose -483 = 2*a + 5*a. Let q = a - t. List the prime factors of q.
7, 11
Suppose 14 - 14 = -f. Suppose -n + 1 = c, -5*c + 10*c - 5*n - 25 = f. Suppose 3*m - 116 = 2*k - 0*k, -c*k = 4*m - 183. What are the prime factors of m?
2, 3, 7
Suppose 3*z = -2*l + 986, 0*z + 4*z + 482 = l. Let j = l + -273. What are the prime factors of j?
7, 31
Let b be (2 - 1)/(2606/434 - 6). Let d = b + -197. What are the prime factors of d?
2, 5
Suppose -2*y - 18 = 4*a, 0*y - 5*a - 23 = 2*y. List the prime factors of y/(-1*(3 + (-5360)/1786)).
19, 47
Let a(j) = 7*j - 47. Let d be a(7). Suppose 5*i - d = -17. Let z = i + 207. List the prime factors of z.
2, 3, 17
Suppose 39*j - 4*j + 18235 = 0. Let q = 955 - j. What are the prime factors of q?
2, 3, 41
Suppose 0 = -7*h - 18*h + 50. Let b(z) = 2*z**3 - z**2 + 2*z - 7. What are the prime factors of b(h)?
3
Let l(g) = -g**3 - 22*g**2 + 3*g - 25. Let q = -20 + -3. Let h be l(q). Suppose -5*c + 180 + h = 0. List the prime factors of c.
3, 41
Suppose 857 = -29*b + 17*b + 34109. List the prime factors of b.
17, 163
Let w = 124 - 173. Let o = w - -234. What are the prime factors of o?
5, 37
Suppose 22 = 12*o - 38. Suppose 3*b - 3*j - 4164 = 0, 1388 = b + 7*j - o*j. What are the prime factors of b?
2, 347
Suppose -16*s + 20*s = 8. Let c = -45 + s. Let r = -24 - c. What are the prime factors of r?
19
List the prime factors of (-120)/960 - (201177/(-8) + 1).
2, 3, 11, 127
Let m be ((-36)/10 + 3)*(-863 - 2). Suppose -9*i + 273 = -m. Let a = i + -19. What are the prime factors of a?
3, 23
Let r(x) = 368*x + 617. List the prime factors of r(11).
3, 5, 311
Let j(p) be the second derivative of -p**5/40 + p**4/3 + 19*p**3/6 + 21*p. Let v(y) be the second derivative of j(y). List the prime factors of v(-11).
41
Let q be (-2)/6 + (-64)/6. Let l(r) = 2*r + 25. Let g be l(q). Suppose -3*h - 414 = -5*h - 4*z, h = -g*z + 204. List the prime factors of h.
3, 71
Let h = -589 + 868. Suppose -c - 2*w = -h, -2*w = w. What are the prime factors of c?
3, 31
Suppose 468 = 4*w - w. Let c = w - 120. List the prime factors of c.
2, 3
Let d = 544 - 546. What are the prime factors of (d + (-402)/(-12))*26?
3, 7, 13
Let k(h) = 49*h - 31. Let r(a) = 148*a - 95. Let f(q) = -7*k(q) + 2*r(q). List the prime factors of f(-20).